{"id":1867,"date":"2020-04-30T15:29:19","date_gmt":"2020-04-30T15:29:19","guid":{"rendered":"https:\/\/vigomezcomercializadora.com\/home?page_id=1867"},"modified":"2021-08-23T01:57:43","modified_gmt":"2021-08-23T01:57:43","slug":"testimoniales","status":"publish","type":"page","link":"https:\/\/vigomezcomercializadora.com\/home\/testimoniales\/","title":{"rendered":"Testimoniales"},"content":{"rendered":"\t\t<div data-elementor-type=\"wp-page\" data-elementor-id=\"1867\" class=\"elementor elementor-1867\">\n\t\t\t\t\t\t<section class=\"elementor-section elementor-top-section elementor-element elementor-element-a81e557 elementor-section-stretched elementor-section-full_width elementor-section-height-default elementor-section-height-default\" data-id=\"a81e557\" data-element_type=\"section\" data-settings=\"{&quot;stretch_section&quot;:&quot;section-stretched&quot;}\">\n\t\t\t\t\t\t<div class=\"elementor-container elementor-column-gap-default\">\n\t\t\t\t\t<div class=\"elementor-column elementor-col-100 elementor-top-column elementor-element elementor-element-6993385\" data-id=\"6993385\" data-element_type=\"column\">\n\t\t\t<div class=\"elementor-widget-wrap elementor-element-populated\">\n\t\t\t\t\t\t<div class=\"elementor-element elementor-element-28d3cdd elementor-widget elementor-widget-testimonial_02\" data-id=\"28d3cdd\" data-element_type=\"widget\" data-widget_type=\"testimonial_02.default\">\n\t\t\t\t<div class=\"elementor-widget-container\">\n\t\t\t\t\t\n\t\t<section class=\"testimonial-style-two testimonial-page-section\">\n\t<div class=\"auto-container\">\n\t\t\t\t\t<div class=\"row clearfix\">\n\t   \n\t\t\t\t \t\t\t\t\t \n\t\t\t\t<div class=\"col-lg-4 col-md-6 col-sm-12 testimonial-block\">\n\t\t\t\t\t<div class=\"testimonial-content\">\n\t\t\t\t\t\t<div class=\"inner-box\">\n\t\t\t\t\t\t\t<div class=\"quote-box\"><i class=\"flaticon-writer\"><\/i><\/div>\n\t\t\t\t\t\t\t<ul class=\"rating-box clearfix\">\n\t\t\t\t\t\t\t\t<li><i class=\"fas fa-star\"><\/i><\/li>\n\t\t\t\t\t\t\t\t<li><i class=\"fas fa-star\"><\/i><\/li>\n\t\t\t\t\t\t\t\t<li><i class=\"fas fa-star\"><\/i><\/li>\n\t\t\t\t\t\t\t\t<li><i class=\"fas fa-star\"><\/i><\/li>\n\t\t\t\t\t\t\t\t<li><i class=\"fas fa-star\"><\/i><\/li>\n\t\t\t\t\t\t\t<\/ul>\n\t\t\t\t\t\t\t<h4>Servicio Perfecto<\/h4>\n\t\t\t\t\t\t\t<p>Gracias a Vigomez por ayudarme conseguir la carga que requerida, Super recomendados...<\/p>\n\t\t\t\t\t\t\t<div class=\"author-box\">\n\t\t\t\t\t\t\t\t<div class=\"box\">\n\t\t\t\t\t\t\t\t\t<figure class=\"image-box\"><img decoding=\"async\" src=\"https:\/\/vigomezcomercializadora.com\/home\/wp-content\/uploads\/2020\/06\/testimonial-4.png\" title=\"testimonial-4\" alt=\"testimonial-4\" loading=\"lazy\" \/><\/figure>\n\t\t\t\t\t\t\t\t\t<h4>Andr\u00e9s Benjam\u00edn<\/h4>\n\t\t\t\t\t\t\t\t\t<span class=\"designation\">Europa<\/span>\n\t\t\t\t\t\t\t\t<\/div>\n\t\t\t\t\t\t\t<\/div>\n\t\t\t\t\t\t\t<div class=\"share-box\">\n\t\t\t\t\t\t\t\t<a href=\"#\" class=\"share-btn\"><i class=\"flaticon-share\"><\/i>Share With Friends<\/a>\n\t\t\t\t\t\t\t\t<ul class=\"social-links clearfix\">\n\t\t\t\t\t\t\t\t<li><a href=\"#\"><i class=\"fab fa-facebook-f\"><\/i><\/a><\/li>\r\n<li><a href=\"#\"><i class=\"fab fa-twitter\"><\/i><\/a><\/li>\r\n<li><a href=\"#\"><i class=\"fab fa-google-plus-g\"><\/i><\/a><\/li>\r\n<li><a href=\"#\"><i class=\"fab fa-youtube\"><\/i><\/a><\/li>\t\t\t\t\t\t\t\t<\/ul>\n\t\t\t\t\t\t\t<\/div>\n\t\t\t\t\t\t<\/div>\n\t\t\t\t\t<\/div>\n\t\t\t\t<\/div>\n\t\t\t\t\t\t\t\t \n\t\t\t\t<div class=\"col-lg-4 col-md-6 col-sm-12 testimonial-block\">\n\t\t\t\t\t<div class=\"testimonial-content\">\n\t\t\t\t\t\t<div class=\"inner-box\">\n\t\t\t\t\t\t\t<div class=\"quote-box\"><i class=\"flaticon-writer\"><\/i><\/div>\n\t\t\t\t\t\t\t<ul class=\"rating-box clearfix\">\n\t\t\t\t\t\t\t\t<li><i class=\"fas fa-star\"><\/i><\/li>\n\t\t\t\t\t\t\t\t<li><i class=\"fas fa-star\"><\/i><\/li>\n\t\t\t\t\t\t\t\t<li><i class=\"fas fa-star\"><\/i><\/li>\n\t\t\t\t\t\t\t\t<li><i class=\"fas fa-star\"><\/i><\/li>\n\t\t\t\t\t\t\t\t<li><i class=\"fas fa-star\"><\/i><\/li>\n\t\t\t\t\t\t\t<\/ul>\n\t\t\t\t\t\t\t<h4>Buen Servicio<\/h4>\n\t\t\t\t\t\t\t<p>Nuestra importaci\u00f3n no presento ning\u00fan inconveniente ni aver\u00eda son un equipo muy amable y preparado.\n<\/p>\n\t\t\t\t\t\t\t<div class=\"author-box\">\n\t\t\t\t\t\t\t\t<div class=\"box\">\n\t\t\t\t\t\t\t\t\t<figure class=\"image-box\"><img decoding=\"async\" src=\"https:\/\/vigomezcomercializadora.com\/home\/wp-content\/uploads\/2020\/06\/testimonial-5.png\" title=\"testimonial-5\" alt=\"testimonial-5\" loading=\"lazy\" \/><\/figure>\n\t\t\t\t\t\t\t\t\t<h4>Robert Caleb<\/h4>\n\t\t\t\t\t\t\t\t\t<span class=\"designation\">Asia<\/span>\n\t\t\t\t\t\t\t\t<\/div>\n\t\t\t\t\t\t\t<\/div>\n\t\t\t\t\t\t\t<div class=\"share-box\">\n\t\t\t\t\t\t\t\t<a href=\"#\" class=\"share-btn\"><i class=\"flaticon-share\"><\/i>Share With Friends<\/a>\n\t\t\t\t\t\t\t\t<ul class=\"social-links clearfix\">\n\t\t\t\t\t\t\t\t<li><a href=\"#\"><i class=\"fab fa-facebook-f\"><\/i><\/a><\/li>\r\n<li><a href=\"#\"><i class=\"fab fa-twitter\"><\/i><\/a><\/li>\r\n<li><a href=\"#\"><i class=\"fab fa-google-plus-g\"><\/i><\/a><\/li>\r\n<li><a href=\"#\"><i class=\"fab fa-youtube\"><\/i><\/a><\/li>\t\t\t\t\t\t\t\t<\/ul>\n\t\t\t\t\t\t\t<\/div>\n\t\t\t\t\t\t<\/div>\n\t\t\t\t\t<\/div>\n\t\t\t\t<\/div>\n\t\t\t\t\t\t\t\t \n\t\t\t\t<div class=\"col-lg-4 col-md-6 col-sm-12 testimonial-block\">\n\t\t\t\t\t<div class=\"testimonial-content\">\n\t\t\t\t\t\t<div class=\"inner-box\">\n\t\t\t\t\t\t\t<div class=\"quote-box\"><i class=\"flaticon-writer\"><\/i><\/div>\n\t\t\t\t\t\t\t<ul class=\"rating-box clearfix\">\n\t\t\t\t\t\t\t\t<li><i class=\"fas fa-star\"><\/i><\/li>\n\t\t\t\t\t\t\t\t<li><i class=\"fas fa-star\"><\/i><\/li>\n\t\t\t\t\t\t\t\t<li><i class=\"fas fa-star\"><\/i><\/li>\n\t\t\t\t\t\t\t\t<li><i class=\"fas fa-star\"><\/i><\/li>\n\t\t\t\t\t\t\t\t<li><i class=\"fas fa-star\"><\/i><\/li>\n\t\t\t\t\t\t\t<\/ul>\n\t\t\t\t\t\t\t<h4>Excelente Proveedor<\/h4>\n\t\t\t\t\t\t\t<p>Nuestra empresa es cliente y contamos con un muy buen aliado para el manejo de carga mar\u00edtima.<\/p>\n\t\t\t\t\t\t\t<div class=\"author-box\">\n\t\t\t\t\t\t\t\t<div class=\"box\">\n\t\t\t\t\t\t\t\t\t<figure class=\"image-box\"><img decoding=\"async\" src=\"https:\/\/vigomezcomercializadora.com\/home\/wp-content\/uploads\/2020\/06\/testimonial-6.png\" title=\"testimonial-6\" alt=\"testimonial-6\" loading=\"lazy\" \/><\/figure>\n\t\t\t\t\t\t\t\t\t<h4>Jos\u00e9 Cisneros<\/h4>\n\t\t\t\t\t\t\t\t\t<span class=\"designation\">Am\u00e9rica del Sur<\/span>\n\t\t\t\t\t\t\t\t<\/div>\n\t\t\t\t\t\t\t<\/div>\n\t\t\t\t\t\t\t<div class=\"share-box\">\n\t\t\t\t\t\t\t\t<a href=\"#\" class=\"share-btn\"><i class=\"flaticon-share\"><\/i>Share With Friends<\/a>\n\t\t\t\t\t\t\t\t<ul class=\"social-links clearfix\">\n\t\t\t\t\t\t\t\t<li><a href=\"#\"><i class=\"fab fa-facebook-f\"><\/i><\/a><\/li>\r\n<li><a href=\"#\"><i class=\"fab fa-twitter\"><\/i><\/a><\/li>\r\n<li><a href=\"#\"><i class=\"fab fa-google-plus-g\"><\/i><\/a><\/li>\r\n<li><a href=\"#\"><i class=\"fab fa-youtube\"><\/i><\/a><\/li>\t\t\t\t\t\t\t\t<\/ul>\n\t\t\t\t\t\t\t<\/div>\n\t\t\t\t\t\t<\/div>\n\t\t\t\t\t<\/div>\n\t\t\t\t<\/div>\n\t\t\t\t\t\t\t\t \n\t\t\t\t<div class=\"col-lg-4 col-md-6 col-sm-12 testimonial-block\">\n\t\t\t\t\t<div class=\"testimonial-content\">\n\t\t\t\t\t\t<div class=\"inner-box\">\n\t\t\t\t\t\t\t<div class=\"quote-box\"><i class=\"flaticon-writer\"><\/i><\/div>\n\t\t\t\t\t\t\t<ul class=\"rating-box clearfix\">\n\t\t\t\t\t\t\t\t<li><i class=\"fas fa-star\"><\/i><\/li>\n\t\t\t\t\t\t\t\t<li><i class=\"fas fa-star\"><\/i><\/li>\n\t\t\t\t\t\t\t\t<li><i class=\"fas fa-star\"><\/i><\/li>\n\t\t\t\t\t\t\t\t<li><i class=\"fas fa-star\"><\/i><\/li>\n\t\t\t\t\t\t\t\t<li><i class=\"fas fa-star\"><\/i><\/li>\n\t\t\t\t\t\t\t<\/ul>\n\t\t\t\t\t\t\t<h4>Buenas Calidad de Servicio<\/h4>\n\t\t\t\t\t\t\t<p>Nuestras insumos cumplen con lo contratado no sufrieron ning\u00fan tipo de  imperfecci\u00f3n o da\u00f1o mi modificaci\u00f3n de los componentes.<\/p>\n\t\t\t\t\t\t\t<div class=\"author-box\">\n\t\t\t\t\t\t\t\t<div class=\"box\">\n\t\t\t\t\t\t\t\t\t<figure class=\"image-box\"><img decoding=\"async\" src=\"https:\/\/vigomezcomercializadora.com\/home\/wp-content\/uploads\/2020\/06\/testimonial-7.png\" title=\"testimonial-7\" alt=\"testimonial-7\" loading=\"lazy\" \/><\/figure>\n\t\t\t\t\t\t\t\t\t<h4>Jose Morientes<\/h4>\n\t\t\t\t\t\t\t\t\t<span class=\"designation\">Europa<\/span>\n\t\t\t\t\t\t\t\t<\/div>\n\t\t\t\t\t\t\t<\/div>\n\t\t\t\t\t\t\t<div class=\"share-box\">\n\t\t\t\t\t\t\t\t<a href=\"#\" class=\"share-btn\"><i class=\"flaticon-share\"><\/i>Share With Friends<\/a>\n\t\t\t\t\t\t\t\t<ul class=\"social-links clearfix\">\n\t\t\t\t\t\t\t\t<li><a href=\"#\"><i class=\"fab fa-facebook-f\"><\/i><\/a><\/li>\r\n<li><a href=\"#\"><i class=\"fab fa-twitter\"><\/i><\/a><\/li>\r\n<li><a href=\"#\"><i class=\"fab fa-google-plus-g\"><\/i><\/a><\/li>\r\n<li><a href=\"#\"><i class=\"fab fa-youtube\"><\/i><\/a><\/li>\t\t\t\t\t\t\t\t<\/ul>\n\t\t\t\t\t\t\t<\/div>\n\t\t\t\t\t\t<\/div>\n\t\t\t\t\t<\/div>\n\t\t\t\t<\/div>\n\t\t\t\t\t\t\t\t \n\t\t\t\t<div class=\"col-lg-4 col-md-6 col-sm-12 testimonial-block\">\n\t\t\t\t\t<div class=\"testimonial-content\">\n\t\t\t\t\t\t<div class=\"inner-box\">\n\t\t\t\t\t\t\t<div class=\"quote-box\"><i class=\"flaticon-writer\"><\/i><\/div>\n\t\t\t\t\t\t\t<ul class=\"rating-box clearfix\">\n\t\t\t\t\t\t\t\t<li><i class=\"fas fa-star\"><\/i><\/li>\n\t\t\t\t\t\t\t\t<li><i class=\"fas fa-star\"><\/i><\/li>\n\t\t\t\t\t\t\t\t<li><i class=\"fas fa-star\"><\/i><\/li>\n\t\t\t\t\t\t\t\t<li><i class=\"fas fa-star\"><\/i><\/li>\n\t\t\t\t\t\t\t\t<li><i class=\"fas fa-star\"><\/i><\/li>\n\t\t\t\t\t\t\t<\/ul>\n\t\t\t\t\t\t\t<h4>Experiencia en Servicio<\/h4>\n\t\t\t\t\t\t\t<p>La atenci\u00f3n al cliente es buena y oportuna despejaron todas mis dudas, para mi carga.<\/p>\n\t\t\t\t\t\t\t<div class=\"author-box\">\n\t\t\t\t\t\t\t\t<div class=\"box\">\n\t\t\t\t\t\t\t\t\t<figure class=\"image-box\"><img decoding=\"async\" src=\"https:\/\/vigomezcomercializadora.com\/home\/wp-content\/uploads\/2020\/06\/testimonial-8.png\" title=\"testimonial-8\" alt=\"testimonial-8\" loading=\"lazy\" \/><\/figure>\n\t\t\t\t\t\t\t\t\t<h4>Lucy Thibou<\/h4>\n\t\t\t\t\t\t\t\t\t<span class=\"designation\">Usa<\/span>\n\t\t\t\t\t\t\t\t<\/div>\n\t\t\t\t\t\t\t<\/div>\n\t\t\t\t\t\t\t<div class=\"share-box\">\n\t\t\t\t\t\t\t\t<a href=\"#\" class=\"share-btn\"><i class=\"flaticon-share\"><\/i>Share With Friends<\/a>\n\t\t\t\t\t\t\t\t<ul class=\"social-links clearfix\">\n\t\t\t\t\t\t\t\t<li><a href=\"#\"><i class=\"fab fa-facebook-f\"><\/i><\/a><\/li>\r\n<li><a href=\"#\"><i class=\"fab fa-twitter\"><\/i><\/a><\/li>\r\n<li><a href=\"#\"><i class=\"fab fa-google-plus-g\"><\/i><\/a><\/li>\r\n<li><a href=\"#\"><i class=\"fab fa-youtube\"><\/i><\/a><\/li>\t\t\t\t\t\t\t\t<\/ul>\n\t\t\t\t\t\t\t<\/div>\n\t\t\t\t\t\t<\/div>\n\t\t\t\t\t<\/div>\n\t\t\t\t<\/div>\n\t\t\t\t\t\t\t\t \n\t\t\t\t<div class=\"col-lg-4 col-md-6 col-sm-12 testimonial-block\">\n\t\t\t\t\t<div class=\"testimonial-content\">\n\t\t\t\t\t\t<div class=\"inner-box\">\n\t\t\t\t\t\t\t<div class=\"quote-box\"><i class=\"flaticon-writer\"><\/i><\/div>\n\t\t\t\t\t\t\t<ul class=\"rating-box clearfix\">\n\t\t\t\t\t\t\t\t<li><i class=\"fas fa-star\"><\/i><\/li>\n\t\t\t\t\t\t\t\t<li><i class=\"fas fa-star\"><\/i><\/li>\n\t\t\t\t\t\t\t\t<li><i class=\"fas fa-star\"><\/i><\/li>\n\t\t\t\t\t\t\t\t<li><i class=\"fas fa-star\"><\/i><\/li>\n\t\t\t\t\t\t\t\t<li><i class=\"fas fa-star\"><\/i><\/li>\n\t\t\t\t\t\t\t<\/ul>\n\t\t\t\t\t\t\t<h4>Manejo de Cargas<\/h4>\n\t\t\t\t\t\t\t<p>La experiencia y los tiempos controlado logran que mi carga llegara la fecha indicada.<\/p>\n\t\t\t\t\t\t\t<div class=\"author-box\">\n\t\t\t\t\t\t\t\t<div class=\"box\">\n\t\t\t\t\t\t\t\t\t<figure class=\"image-box\"><img decoding=\"async\" src=\"https:\/\/vigomezcomercializadora.com\/home\/wp-content\/uploads\/2020\/06\/testimonial-9.png\" title=\"testimonial-9\" alt=\"testimonial-9\" loading=\"lazy\" \/><\/figure>\n\t\t\t\t\t\t\t\t\t<h4>Julieth Mufarech<\/h4>\n\t\t\t\t\t\t\t\t\t<span class=\"designation\">Asia<\/span>\n\t\t\t\t\t\t\t\t<\/div>\n\t\t\t\t\t\t\t<\/div>\n\t\t\t\t\t\t\t<div class=\"share-box\">\n\t\t\t\t\t\t\t\t<a href=\"#\" class=\"share-btn\"><i class=\"flaticon-share\"><\/i>Share With Friends<\/a>\n\t\t\t\t\t\t\t\t<ul class=\"social-links clearfix\">\n\t\t\t\t\t\t\t\t<li><a href=\"#\"><i class=\"fab fa-facebook-f\"><\/i><\/a><\/li>\n<li><a href=\"#\"><i class=\"fab fa-twitter\"><\/i><\/a><\/li>\n<li><a href=\"#\"><i class=\"fab fa-google-plus-g\"><\/i><\/a><\/li>\n<li><a href=\"#\"><i class=\"fab fa-youtube\"><\/i><\/a><\/li>\t\t\t\t\t\t\t\t<\/ul>\n\t\t\t\t\t\t\t<\/div>\n\t\t\t\t\t\t<\/div>\n\t\t\t\t\t<\/div>\n\t\t\t\t<\/div>\n\t\t\t \n\t\t<\/div>\n\t<\/div>\n<\/section> \n\t\t\t\t\t\t\t\t<\/div>\n\t\t\t\t<\/div>\n\t\t\t\t\t<\/div>\n\t\t<\/div>\n\t\t\t\t\t<\/div>\n\t\t<\/section>\n\t\t\t\t<\/div>\n\t\t","protected":false},"excerpt":{"rendered":"<p>Servicio Perfecto Gracias a Vigomez por ayudarme conseguir la carga que requerida, Super recomendados&#8230; Andr\u00e9s Benjam\u00edn Europa Share With Friends Buen Servicio Nuestra importaci\u00f3n no presento ning\u00fan inconveniente ni aver\u00eda son un equipo muy amable y preparado. Robert Caleb Asia Share With Friends Excelente Proveedor Nuestra empresa es cliente y contamos con un muy buen <span>&#8230;<\/span><\/p>\n","protected":false},"author":1,"featured_media":0,"parent":0,"menu_order":0,"comment_status":"closed","ping_status":"closed","template":"","meta":{"footnotes":""},"class_list":["post-1867","page","type-page","status-publish","hentry"],"_links":{"self":[{"href":"https:\/\/vigomezcomercializadora.com\/home\/wp-json\/wp\/v2\/pages\/1867","targetHints":{"allow":["GET"]}}],"collection":[{"href":"https:\/\/vigomezcomercializadora.com\/home\/wp-json\/wp\/v2\/pages"}],"about":[{"href":"https:\/\/vigomezcomercializadora.com\/home\/wp-json\/wp\/v2\/types\/page"}],"author":[{"embeddable":true,"href":"https:\/\/vigomezcomercializadora.com\/home\/wp-json\/wp\/v2\/users\/1"}],"replies":[{"embeddable":true,"href":"https:\/\/vigomezcomercializadora.com\/home\/wp-json\/wp\/v2\/comments?post=1867"}],"version-history":[{"count":46,"href":"https:\/\/vigomezcomercializadora.com\/home\/wp-json\/wp\/v2\/pages\/1867\/revisions"}],"predecessor-version":[{"id":3525,"href":"https:\/\/vigomezcomercializadora.com\/home\/wp-json\/wp\/v2\/pages\/1867\/revisions\/3525"}],"wp:attachment":[{"href":"https:\/\/vigomezcomercializadora.com\/home\/wp-json\/wp\/v2\/media?parent=1867"}],"curies":[{"name":"wp","href":"https:\/\/api.w.org\/{rel}","templated":true}]}}