{"id":3768,"date":"2021-09-01T01:44:11","date_gmt":"2021-09-01T01:44:11","guid":{"rendered":"https:\/\/vigomezcomercializadora.com\/home\/?page_id=3768"},"modified":"2021-09-01T01:55:33","modified_gmt":"2021-09-01T01:55:33","slug":"terminos-y-condiciones","status":"publish","type":"page","link":"https:\/\/vigomezcomercializadora.com\/home\/terminos-y-condiciones\/","title":{"rendered":"T\u00e9rminos y Condiciones"},"content":{"rendered":"\t\t<div data-elementor-type=\"wp-page\" data-elementor-id=\"3768\" class=\"elementor elementor-3768\">\n\t\t\t\t\t\t<section class=\"elementor-section elementor-top-section elementor-element elementor-element-2d1e5386 elementor-section-boxed elementor-section-height-default elementor-section-height-default\" data-id=\"2d1e5386\" data-element_type=\"section\">\n\t\t\t\t\t\t<div class=\"elementor-container elementor-column-gap-default\">\n\t\t\t\t\t<div class=\"elementor-column elementor-col-100 elementor-top-column elementor-element elementor-element-3f206c74\" data-id=\"3f206c74\" data-element_type=\"column\">\n\t\t\t<div class=\"elementor-widget-wrap elementor-element-populated\">\n\t\t\t\t\t\t<div class=\"elementor-element elementor-element-63899bb elementor-widget elementor-widget-text-editor\" data-id=\"63899bb\" data-element_type=\"widget\" data-widget_type=\"text-editor.default\">\n\t\t\t\t<div class=\"elementor-widget-container\">\n\t\t\t\t\t\t\t\t\t<p><\/p>\n<h2 class=\"wp-block-heading\">&nbsp;<\/h2>\n<h2>T\u00e9rminos y Condiciones Legales de la Empresa<\/h2>\n<div>&nbsp;<\/div>\n<p><\/p>\n<p><\/p>\n<p><\/p>\n<p><\/p>\n<p><\/p>\n<p>Respetado usuario, bienvenido a La Empresa; <b>VIGOMEZ COMERCIALIZADORA S.A.S<\/b>, est\u00e1 dise\u00f1ada para facilitarle a usted el acceso a la informaci\u00f3n completa de nuestra empresa, servicios y productos en la p\u00e1gina lo podr\u00e1 visualizar en <b>www.vigomezcomercializadora.com<\/b><\/p>\n<p><strong class=\"privacy-policy-tutorial\">&nbsp;<\/strong><\/p>\n<p><\/p>\n<p><\/p>\n<p>Se establece que el acceso y uso por parte de los usuarios (el \u201cUsuario&#8221; o \u201cUsuarios&#8221;) del portal de La Empresa; <b>VIGOMEZ COMERCIALIZADORA S.A.S<\/b>, se regir\u00e1 por los siguientes t\u00e9rminos y condiciones: El acceso al Portales Web; <b>www.vigomezcomercializadora.com<\/b> , atribuye la condici\u00f3n de nuestra empresa y sus pol\u00edticas de manejo de informaci\u00f3n de usuarios mismo e implica la aceptaci\u00f3n plena y sin reserva de todos los t\u00e9rminos y condiciones de su informaci\u00f3n y el uso y aceptaci\u00f3n que se encuentren vigentes en el momento mismo en que el usuario acceda al Portal Web de La Empresa: <b>VIGOMEZ COMERCIALIZADORA S.A.S<\/b> y el contrato o convenio del servicio, entre el usuario o empresa con La Empresa; <b>VIGOMEZ COMERCIALIZADORA S.A.S.<\/b><\/p><p><br><\/p>\n<p><\/p>\n<p>La empresa podr\u00e1 llevar a cabo todas las acciones legales que sean necesarias para remediar cualquier violaci\u00f3n a los presentes T\u00e9rminos y Condiciones de uso del Portal Web de La Empresa; <b>VIGOMEZ COMERCIALIZADORA S.A.S.,<\/b> incluso el de restringir el acceso a este sitio a determinados usuarios.<\/p><p><br><\/p>\n<p><\/p>\n<p>Los productos y servicios que ofrece La Empresa; <b>VIGOMEZ COMERCIALIZADORA S.A.S<\/b>, que se encuentra dentro del portal Web, que tiene por objeto facilitar a los clientes de La Empresa; <b>VIGOMEZ COMERCIALIZADORA S.A.S<\/b>, y al p\u00fablico en general, entre otros, informaci\u00f3n relativa a los servicios y productos que se ofrecen, de acuerdo con lo establecido en la normatividad vigente en materia de comercio electr\u00f3nico y protecci\u00f3n al consumidor, para cualquier consulta o petici\u00f3n se puede escribir al siguiente correo electr\u00f3nico; <b>info@vigomezcomercializadora.com<\/b><\/p><p><b><br><\/b><\/p><p><b><br><\/b><\/p>\n<p><\/p>\n<p><\/p>\t\t\t\t\t\t\t\t<\/div>\n\t\t\t\t<\/div>\n\t\t\t\t\t<\/div>\n\t\t<\/div>\n\t\t\t\t\t<\/div>\n\t\t<\/section>\n\t\t\t\t<\/div>\n\t\t","protected":false},"excerpt":{"rendered":"<p>&nbsp; T\u00e9rminos y Condiciones Legales de la Empresa &nbsp; Respetado usuario, bienvenido a La Empresa; VIGOMEZ COMERCIALIZADORA S.A.S, est\u00e1 dise\u00f1ada para facilitarle a usted el acceso a la informaci\u00f3n completa de nuestra empresa, servicios y productos en la p\u00e1gina lo podr\u00e1 visualizar en www.vigomezcomercializadora.com &nbsp; Se establece que el acceso y uso por parte de <span>&#8230;<\/span><\/p>\n","protected":false},"author":1,"featured_media":0,"parent":0,"menu_order":0,"comment_status":"closed","ping_status":"closed","template":"","meta":{"footnotes":""},"class_list":["post-3768","page","type-page","status-publish","hentry"],"_links":{"self":[{"href":"https:\/\/vigomezcomercializadora.com\/home\/wp-json\/wp\/v2\/pages\/3768","targetHints":{"allow":["GET"]}}],"collection":[{"href":"https:\/\/vigomezcomercializadora.com\/home\/wp-json\/wp\/v2\/pages"}],"about":[{"href":"https:\/\/vigomezcomercializadora.com\/home\/wp-json\/wp\/v2\/types\/page"}],"author":[{"embeddable":true,"href":"https:\/\/vigomezcomercializadora.com\/home\/wp-json\/wp\/v2\/users\/1"}],"replies":[{"embeddable":true,"href":"https:\/\/vigomezcomercializadora.com\/home\/wp-json\/wp\/v2\/comments?post=3768"}],"version-history":[{"count":10,"href":"https:\/\/vigomezcomercializadora.com\/home\/wp-json\/wp\/v2\/pages\/3768\/revisions"}],"predecessor-version":[{"id":3780,"href":"https:\/\/vigomezcomercializadora.com\/home\/wp-json\/wp\/v2\/pages\/3768\/revisions\/3780"}],"wp:attachment":[{"href":"https:\/\/vigomezcomercializadora.com\/home\/wp-json\/wp\/v2\/media?parent=3768"}],"curies":[{"name":"wp","href":"https:\/\/api.w.org\/{rel}","templated":true}]}}